Calculate h(12).
-5
Let g(q) = -3*q**3 + 3194*q**2 + 7439*q + 32010. Determine g(1067).
0
Let i(s) = 4*s**2 + 189*s + 1207. What is i(-7)?
80
Let p(u) = 16140*u + 305131. What is p(-19)?
-1529
Let i(y) = 3*y**3 - 77*y**2 - 162*y + 1446. Calculate i(27).
-12
Let a(i) = -i**3 - 86*i**2 + 942*i + 716. Calculate a(11).
-659
Let l(b) = -83*b**2 + 2490*b - 59. Give l(30).
-59
Let k(t) = 516*t + 3029. Calculate k(5).
5609
Let h(l) = 856*l - 17596. Calculate h(21).
380
Let d(i) = 3160*i - 170645. Determine d(54).
-5
Let c(j) = -70*j**3 + 268*j**2 + 37*j - 157. What is c(4)?
-201
Let f(v) = 1168*v + 134327. What is f(-115)?
7
Let z(h) = h**3 + 296*h**2 - 910*h - 440478. Calculate z(-294).
-66
Let y(n) = 752*n - 14535. Calculate y(13).
-4759
Let p(r) = 45*r**2 + 6521*r - 528. Give p(-145).
52
Let v(p) = 125*p**2 + 71618*p - 4012. Determine v(-573).
-1
Let f(s) = -12959*s - 557228. Determine f(-43).
9
Let g(t) = -2*t**3 - 508*t**2 + 20879*t - 261. Calculate g(-290).
29
Let g(b) = 153614*b + 4454862. Determine g(-29).
56
Let r(q) = 154*q**3 + 13*q**2 + 3*q. Give r(-1).
-144
Let w(c) = 6*c**2 + 1544*c + 35181. Give w(-232).
-83
Let u(z) = -26720*z + 1362716. What is u(51)?
-4
Let d(j) = 2*j**2 - 406*j + 16235. Calculate d(148).
-45
Let f(q) = q**3 + 5*q**2 + 356*q + 4163. Give f(-12).
-1117
Let c(t) = -t**2 - 48*t + 7091. Calculate c(-113).
-254
Let l(t) = -35*t**3 - 206*t**2 - 517*t - 3054. Calculate l(-6).
192
Let u(t) = -4542*t**2 - 13649*t + 12. Give u(-3).
81
Let d(t) = 10139*t - 294203. Determine d(29).
-172
Let l(y) = -28*y**3 + 118*y**2 - 693*y + 2. Determine l(6).
-5956
Let n(v) = -v**3 + 52*v**2 + 138*v - 486. Determine n(55).
-1971
Let z(t) = -2*t**2 - 22533*t - 90103. Determine z(-4).
-3
Let q(i) = -i**2 + 908*i + 5467. Determine q(-6).
-17
Let k(s) = -4*s**3 + 46*s**2 - 63*s + 465. Determine k(11).
14
Let h(u) = 5741*u + 22953. Calculate h(-4).
-11
Let d(s) = 18*s**3 + 264*s**2 - 795*s + 54. Determine d(3).
531
Let t(n) = -16*n**2 - 272*n + 650. Determine t(-19).
42
Let o(m) = 2*m**2 - 8*m - 154. What is o(-7)?
0
Let i(s) = -85*s**2 - 8310*s + 1635. Calculate i(-98).
-325
Let m(r) = r**3 + 58*r**2 - 4107*r - 17302. What is m(-4)?
-10
Let y(m) = -m**3 - 127*m**2 - 167*m - 3640. Determine y(-126).
1526
Let d(l) = -3*l**3 + 349*l**2 - 199*l + 50643. Calculate d(117).
-18
Let q(n) = 84*n**2 - 7651*n + 654. What is q(91)?
17
Let d(h) = 13*h**2 - 41*h + 198. What is d(6)?
420
Let g(q) = -q**2 - 497*q - 38419. What is g(-93)?
-847
Let l(f) = -192162*f + 2498103. Determine l(13).
-3
Let u(x) = 3877*x + 61979. Calculate u(-16).
-53
Let f(i) = -i**3 - 19*i**2 - 109*i - 144. What is f(-7)?
31
Let n(m) = -57*m**3 + 1653*m**2 - 39*m + 1014. What is n(29)?
-117
Let c(v) = 4*v**3 - 2*v**2 + 19*v - 153. Give c(5).
392
Let g(m) = -8*m**2 - 2493*m + 4980. Calculate g(2).
-38
Let a(n) = -62*n**3 - 5*n**2 + 126*n - 383. Determine a(3).
-1724
Let c(s) = -432*s + 6122. Determine c(15).
-358
Let m(v) = v**3 - 1175*v**2 - 8167*v - 126473. Give m(1182).
1
Let k(t) = -t**2 - 1296*t - 28050. Give k(-22).
-22
Let l(t) = 8*t**3 + 266*t**2 + 92*t + 1067. Determine l(-33).
209
Let f(t) = -t**2 + 577*t + 14461. What is f(-24)?
37
Let y(v) = -457*v**2 - 15*v + 54. Determine y(2).
-1804
Let t(k) = 22529*k - 7659870. Give t(340).
-10
Let o(l) = l**3 - 43*l**2 + 60*l + 40. Give o(2).
-4
Let d(f) = -4*f**2 + 2556*f + 80216. Determine d(669).
-64
Let l(y) = 2*y**3 - 192*y**2 - 935*y + 89767. Calculate l(96).
7
Let n(p) = -2607*p - 10658. Calculate n(-4).
-230
Let b(s) = -6*s**3 - 52*s**2 + 93*s + 620. Calculate b(-7).
-521
Let x(w) = w**2 - 242*w + 14253. Give x(98).
141
Let l(y) = -3*y**2 + 558*y + 24754. Calculate l(-37).
1
Let y(r) = 58*r**2 + 3184*r + 42489. Determine y(-32).
-7
Let f(j) = -21*j**2 + 883*j + 166. Calculate f(43).
-694
Let m(i) = -i**3 + 41*i**2 + 299*i - 857. Calculate m(47).
-58
Let c(a) = -2*a**3 + 691*a**2 - 391*a + 15874. Give c(345).
4
Let u(k) = -129*k**2 - 85*k + 150. Calculate u(2).
-536
Let c(s) = 21718*s - 152044. What is c(7)?
-18
Let o(g) = -g**2 + 37*g - 271. Determine o(36).
-235
Let g(o) = -2*o**2 + 42*o + 775. What is g(33)?
-17
Let b(t) = -23970*t - 39. Determine b(0).
-39
Let m(u) = 40071*u - 641123. Give m(16).
13
Let n(y) = -y**2 - 124*y - 2748. What is n(-93)?
135
Let v(p) = -7*p**2 - 2737*p + 6140. Calculate v(-393).
638
Let f(x) = -1271*x - 926643. Give f(-729).
-84
Let f(v) = 445*v + 50742. What is f(-115)?
-433
Let f(z) = 25719*z + 1337436. Determine f(-52).
48
Let z(c) = c**3 - 312*c**2 + 924*c + 939. Give z(309).
12
Let s(b) = -b**3 + 182*b**2 + 3648*b - 749119. What is s(179)?
-4
Let v(y) = 5*y**2 - 278*y - 72. Calculate v(57).
327
Let j(m) = 6*m**2 - 49*m - 531. What is j(10)?
-421
Let u(q) = -q**2 - 113*q + 2638. Determine u(20).
-22
Let a(i) = 2048*i + 364618. Determine a(-178).
74
Let n(s) = 13507*s + 1593819. Determine n(-118).
-7
Let y(s) = s**3 - s**2 - 34*s - 433. Give y(0).
-433
Let u(h) = -h**2 + 1541*h - 426799. Determine u(362).
-1
Let d(x) = 2*x**2 - 3369728*x - 16848677. Give d(-5).
13
Let f(y) = -y**3 + 145*y**2 - 587*y - 572. What is f(5)?
-7
Let l(f) = 8*f**3 - 188*f**2 - 3409*f - 19. Calculate l(-12).
-7
Let q(z) = 1470*z - 64855. Calculate q(44).
-175
Let b(g) = 9335*g - 20016. What is b(2)?
-1346
Let k(h) = -2*h**2 + 205*h + 57694. What is k(-126)?
112
Let a(k) = 1628*k**2 + 22851*k + 818. Give a(-14).
-8
Let f(p) = -168*p - 1027. Give f(-16).
1661
Let b(o) = 4*o**3 - 779*o**2 + 1507*o - 30134. Calculate b(193).
-26
Let a(l) = -188*l + 16181. Give a(96).
-1867
Let l(r) = -r**3 + 90*r**2 + 478*r - 9581. Calculate l(94).
7
Let z(o) = 2*o**2 + 3939*o - 71551. Give z(18).
-1
Let y(d) = d**3 - 321*d**2 - 957*d + 51. What is y(-3)?
6
Let n(q) = 706*q + 112548. Calculate n(-160).
-412
Let p(o) = o**3 - 39*o**2 + 253*o - 183. Determine p(7).
20
Let b(v) = 23*v**2 + 674*v - 588. Give b(-24).
-3516
Let l(j) = 3*j**3 - 9*j**2 + 766*j - 3700. Determine l(5).
280
Let q(s) = -49037*s + 1863408. Determine q(38).
2
Let i(b) = -3*b**2 + 4448*b - 251979. Give i(59).
10
Let d(r) = -r**2 + 1533*r + 26310. Determine d(-17).
-40
Let l(x) = -x**3 + 477*x**2 + 12542*x + 4011. Give l(502).
-5
Let w(o) = 205*o + 3107. What is w(-14)?
237
Let w(v) = -3643*v - 56142. Give w(-15).
-1497
Let n(g) = -238*g + 36167. Determine n(137).
3561
Let g(z) = z**2 - 1017*z - 6129. Determine g(-6).
9
Let i(f) = -f**3 + 170*f**2 + 468*f + 9362. Calculate i(173).
539
Let f(y) = -545*y**3 - y**2 + 509*y + 510. What is f(-1)?
545
Let x(z) = 2*z**2 + 83*z + 18. Determine x(23).
2985
Let j(c) = c**3 + 37*c**2 - 1129*c + 618. Determine j(-57).
-9
Let j(u) = 7*u**3 + 786*u**2 + 223*u - 112. Determine j(-112).
0
Let l(y) = 429*y - 31332. Calculate l(72).
-444
Let k(v) = 231*v + 29168. Determine k(-138).
-2710
Let b(a) = -a**3 - 150*a**2 - 3851*a + 3165. Determine b(-34).
3
Let o(k) = -4*k**2 + 45*k - 357. What is o(10)?
-307
Let q(d) = -38*d**2 + 1578*d - 274. Give q(41).
546
Let v(p) = -42519*p + 5867643. Determine v(138).
21
Let o(t) = t**3 - 506*t**2 + 3623*t - 64934. Calculate o(499).
-64
Let n(o) = 3755*o - 78864. Give n(21).
-9
Let q(a) = -6*a**2 - 125*a - 482. Give q(-4).
-78
Let y(p) = 3*p**3 - 8*p**2 + 37*p + 433. Calculate y(-8).
-1911
Let m(d) = 974*d + 12928. Calculate m(-14).
-708
Let p(u) = -u**2 - 5341*u + 117994. Determine p(22).
8
Let g(k) = -2*k**2 + 4310*k + 121160. What is g(-28)?
-1088
Let y(t) = 554*t + 74222. Determine y(-134).
-14
Let b(t) = -2*t**2 + 1202*t - 43850. What is b(39)?
-14
Let h(l) = -627*l**2 + 21*l - 1. Determine h(-1).
-649
Let h(r) = 827*r**2 + 14010*r - 778. Determine h(-17).
55
Let l(i) = -10*i**3 - 138*i**2 - 468*i + 7. Give l(-7).
-49
Let u(o) = -6232*o + 2823092. Determine u(453).
-4
Let v(a) = -231*a - 7538. Give v(-33).
85
Let x(l) = -11*l**2 + 2910*l - 7412. What is x(262)?
-76
Let p(r) = -408*r**2 + 66502*r + 318. Determine p(163).
-8
Let d(z) = -7045*z - 767898. Determine d(-109).
7
Let s(z) = -z**2 - 3615*z - 1510111. Determine s(-482).
-5
Let h(k) = 3*k**2 + 412*k + 3757. Give h(-10).
-63
Let z(i) = -5*i**3 + 2357*i**2 - 126913*i - 58. What is z(62)?
4
Let v(o) = o**3 - 96*o**2 + 183*o - 5414. Give v(95).
2946
Let p(r) = -2760*r - 8457. Determine p(-3).
-177
Let y(q) = -379*q - 12516. Determine y(-33).
-9
L